{"id":26,"date":"2016-01-20T17:37:22","date_gmt":"2016-01-20T17:37:22","guid":{"rendered":"http:\/\/quiberonsportnature.bzh\/?page_id=26"},"modified":"2024-04-10T07:32:24","modified_gmt":"2024-04-10T07:32:24","slug":"foulees-du-large","status":"publish","type":"page","link":"https:\/\/quiberonsportnature.bzh\/index.php\/foulees-du-large\/","title":{"rendered":"Les Foul\u00e9es du Large"},"content":{"rendered":"\n<div class=\"wp-block-image\"><figure class=\"aligncenter\"><a href=\"http:\/\/quiberonsportnature.bzh\/index.php\/foulees-du-large\/foulees-du-large-2019\/dcim100gopro\/\" rel=\"attachment wp-att-4608\"><img loading=\"lazy\" width=\"1024\" height=\"450\" src=\"http:\/\/quiberonsportnature.bzh\/wp-content\/uploads\/2019\/02\/Ph-FDL-2019-SI-1024x450.jpeg\" alt=\"\" class=\"wp-image-4608\" srcset=\"https:\/\/quiberonsportnature.bzh\/wp-content\/uploads\/2019\/02\/Ph-FDL-2019-SI-1024x450.jpeg 1024w, https:\/\/quiberonsportnature.bzh\/wp-content\/uploads\/2019\/02\/Ph-FDL-2019-SI-250x110.jpeg 250w, https:\/\/quiberonsportnature.bzh\/wp-content\/uploads\/2019\/02\/Ph-FDL-2019-SI-750x329.jpeg 750w, https:\/\/quiberonsportnature.bzh\/wp-content\/uploads\/2019\/02\/Ph-FDL-2019-SI-50x22.jpeg 50w\" sizes=\"(max-width: 1024px) 100vw, 1024px\" \/><\/a><\/figure><\/div>\n\n\n\n<p>Les Foul\u00e9es du large , est un \u00e9v\u00e8nement caritatif , au profit int\u00e9gral de <strong><a href=\"https:\/\/www.tribucancer.com\/\">Tribu Cancer<\/a><\/strong>. Ce sont des courses \u00e0 pied accessibles et populaires au coeur de la station baln\u00e9aire de Quiberon. Elles se d\u00e9roulent en centre ville et en bord de mer, longeant la grande plage.<\/p>\n\n\n\n<p><strong><a href=\"https:\/\/www.tribucancer.com\/\">Tribu Cancer<\/a> <\/strong>est une association Quiberonnaise d&rsquo;aide aux malades. Elle propose \u00e0 ceux-ci des \u00e9vasions nautiques en Baie de Quiberon sur un voilier bas\u00e9 \u00e0 Port Haliguen.<\/p>\n\n\n\n<p>Tous les ans depuis 2013, deux courses (5 km et 10 km), auxquelles se sont rajout\u00e9es des courses \u00ab\u00a0jeunes\u00a0\u00bb, ainsi qu\u2019une marche caritative sont organis\u00e9es par <span style=\"color: #0077c6;\"><strong>Quiberon Sport Nature<\/strong><\/span> au mois de juillet sur la presqu\u2019\u00eele de Quiberon.<br>Elles sont ouvertes \u00e0 tous.<\/p>\n\n\n\n<div class=\"wp-block-image\"><figure class=\"alignleft size-large is-resized\"><a href=\"http:\/\/quiberonsportnature.bzh\/index.php\/fdl24\/\"><img loading=\"lazy\" src=\"http:\/\/quiberonsportnature.bzh\/wp-content\/uploads\/2024\/01\/AffFoulees-2024-BAT-724x1024.jpg\" alt=\"\" class=\"wp-image-6312\" width=\"459\" height=\"651\" srcset=\"https:\/\/quiberonsportnature.bzh\/wp-content\/uploads\/2024\/01\/AffFoulees-2024-BAT-283x400.jpg 283w, https:\/\/quiberonsportnature.bzh\/wp-content\/uploads\/2024\/01\/AffFoulees-2024-BAT-177x250.jpg 177w, https:\/\/quiberonsportnature.bzh\/wp-content\/uploads\/2024\/01\/AffFoulees-2024-BAT-35x50.jpg 35w\" sizes=\"(max-width: 459px) 100vw, 459px\" \/><\/a><\/figure><\/div>\n\n\n\n<h3><a href=\"http:\/\/quiberonsportnature.bzh\/index.php\/fdl24\/\">Prochaine \u00e9dition , les FDL 2024<\/a><\/h3>\n\n\n\n<p><\/p>\n\n\n\n<p><\/p>\n\n\n\n<h3>Le palmar\u00e8s des FDL depuis la premi\u00e8re course : <a href=\"http:\/\/quiberonsportnature.bzh\/wp-content\/uploads\/2023\/08\/Palmare\u0300s-FDL-0823.pdf\">Ici<\/a><\/h3>\n\n\n\n<h3>&nbsp;<\/h3>\n\n\n\n<h3>Retrouvez les archives, les articles de presse, les photos&#8230; des \u00e9ditions pass\u00e9es :<\/h3>\n\n\n\n<p><a href=\"http:\/\/quiberonsportnature.bzh\/index.php\/foulees-du-large\/fdl23\/\">Foul\u00e9es du Large 2023<\/a><\/p>\n\n\n\n<p><a href=\"http:\/\/quiberonsportnature.bzh\/index.php\/fdl-2022\/\">Foul\u00e9es du Large 2022<\/a><\/p>\n\n\n\n<p><a href=\"http:\/\/quiberonsportnature.bzh\/index.php\/foulees-du-large\/fdl-2021\/\">Foul\u00e9es du Large 2021&nbsp;&nbsp;&nbsp;&nbsp;&nbsp;&nbsp;&nbsp; \u00a0\u00bb Championnat de Bretagne\u00a0\u00bb&nbsp; des 10 km<\/a><\/p>\n\n\n\n<pre class=\"wp-block-preformatted\"><a href=\"http:\/\/quiberonsportnature.bzh\/index.php\/foulees-du-large\/foulees-du-large-2019\/\"><span style=\"color: #0077c6;\">Foul\u00e9es du Large 2019 &gt;<\/span><\/a><\/pre>\n\n\n\n<pre class=\"wp-block-preformatted\"><a href=\"http:\/\/quiberonsportnature.bzh\/index.php\/foulees-du-large\/foulees-du-large-2018\/\"><span style=\"color: #0077c6;\">Foul\u00e9es du Large 2018 &gt;\n\n<\/span><\/a><a href=\"http:\/\/quiberonsportnature.bzh\/index.php\/foulees-du-large\/les-foulees-du-large-2017\/\" target=\"_blank\" rel=\"noopener\"><span style=\"color: #0077c6;\">Foul\u00e9es du Large 2017 &gt;<\/span><\/a>\n\n<span style=\"color: #0077c6;\"><a style=\"color: #0077c6;\" href=\"http:\/\/quiberonsportnature.bzh\/index.php\/foulees-du-large\/les-foulees-du-large-2016\/\">Foul\u00e9es du Large 2016 &gt;\n<\/a><\/span><span style=\"color: #0077c6;\">\n<a style=\"color: #0077c6;\" href=\"http:\/\/quiberonsportnature.bzh\/index.php\/foulees-du-large\/les-foulees-du-large-2015\/\">Foul\u00e9es du Large 2015 &gt;\n<\/a><\/span><span style=\"color: #0077c6;\">\n<a style=\"color: #0077c6;\" href=\"http:\/\/quiberonsportnature.bzh\/index.php\/foulees-du-large\/les-foulees-du-large-2014\/\">Foul\u00e9es du Large 2014 &gt;\n<\/a>\n<a style=\"color: #0077c6;\" href=\"http:\/\/quiberonsportnature.bzh\/index.php\/foulees-du-large\/les-foulees-du-large-2013\/\">Foul\u00e9es du Large 2013 &gt;<\/a><\/span><\/pre>\n\n\n\n<hr class=\"wp-block-separator\"\/>\n\n\n\n<p><strong>Organisation et contact<\/strong>&nbsp;: &nbsp;QUIBERON SPORT NATURE &nbsp;&#8211; &nbsp;T\u00e9l. 06 76 85 07 88 &#8211;&nbsp; <a href=\"mailto:fouleesdularge@gmail.com\" target=\"_blank\" rel=\"noopener\"><span style=\"color: #0077c6;\">fouleesdularge@gmail.com<\/span>&nbsp;<\/a><\/p>\n\n\n\n<p><span style=\"color: #0077c6;\"><span style=\"color: #333300;\"><strong>Suivre sur facebook<\/strong> :<\/span>&nbsp;&nbsp;<\/span>&nbsp;<a href=\"https:\/\/www.facebook.com\/fouleesdularge\" target=\"_blank\" rel=\"noopener\"><span style=\"color: #0077c6;\">www.facebook.com\/fouleesdularge<\/span><\/a><a href=\"https:\/\/www.facebook.com\/fouleesdularge\" target=\"_blank\" rel=\"noopener\"><br><\/a><\/p>\n\n\n\n<hr class=\"wp-block-separator\"\/>\n\n\n\n<h3><span style=\"color: #0077c6;\">Pourquoi les Foul\u00e9es du Large ?<\/span><\/h3>\n\n\n\n<p>Les Foul\u00e9es du Large sont organis\u00e9es pour&nbsp;aider \u00e0 financer les actions de l\u2019association <a href=\"https:\/\/www.tribucancer.com\/\"><strong>Tribu Cancer<\/strong><\/a> en faveur des personnes touch\u00e9es par un cancer :<br>&#x2666; Voir le reportage de Ty T\u00e9l\u00e9 sur vimeo : <span style=\"color: #0077c6;\"><a style=\"color: #0077c6;\" href=\"https:\/\/vimeo.com\/71218345\" target=\"_blank\" rel=\"noopener\">Courir pour naviguer<\/a><\/span><br>&#x2666; Lire l\u2019article de Ouest France du 28 juillet 2015 : <span style=\"color: #0077c6;\"><a style=\"color: #0077c6;\" href=\"http:\/\/quiberonsportnature.bzh\/wp-content\/uploads\/2016\/01\/2015-07-28-Ouest-France-Pour-sortir-de-la-maladie.pdf\" target=\"_blank\" rel=\"noopener\">Des balades en mer pour sortir de la maladie<\/a><\/span><br>&#x2666; Lire l\u2019article du T\u00e9l\u00e9gramme du 26 juillet 2014 : <span style=\"color: #0077c6;\"><a style=\"color: #0077c6;\" href=\"http:\/\/quiberonsportnature.bzh\/wp-content\/uploads\/2016\/02\/2014-07-26-Le-T\u00e9l\u00e9gramme-Pour-la-bonne-cause-1.pdf\" target=\"_blank\" rel=\"noopener\">Pour la bonne cause<\/a><\/span><\/p>\n\n\n\n<hr class=\"wp-block-separator\"\/>\n\n\n\n<h3><span style=\"color: #0077c6;\">Tribu Cancer<\/span><\/h3>\n\n\n\n<div class=\"wp-block-image\"><figure class=\"alignright\"><img loading=\"lazy\" width=\"300\" height=\"150\" src=\"http:\/\/quiberonsportnature.bzh\/wp-content\/uploads\/2016\/01\/Logo-Tribu-Cancer.jpg\" alt=\"Logo Tribu Cancer\" class=\"wp-image-221\" srcset=\"https:\/\/quiberonsportnature.bzh\/wp-content\/uploads\/2016\/01\/Logo-Tribu-Cancer.jpg 300w, https:\/\/quiberonsportnature.bzh\/wp-content\/uploads\/2016\/01\/Logo-Tribu-Cancer-250x125.jpg 250w, https:\/\/quiberonsportnature.bzh\/wp-content\/uploads\/2016\/01\/Logo-Tribu-Cancer-50x25.jpg 50w\" sizes=\"(max-width: 300px) 100vw, 300px\" \/><\/figure><\/div>\n\n\n\n<p>L&rsquo;association <strong>Tribu Cancer<\/strong> est n\u00e9e en 2004 et bas\u00e9e \u00e0 Quiberon, avec un rayonnement national. Son but est de rompre l&rsquo;isolement du malade en proposant un soutien par des \u00e9vasions nautique en Baie de Quiberon. Le voilier est bas\u00e9 \u00e0 Port Haliguen.<\/p>\n\n\n\n<p><strong>En savoir plus<\/strong> :<strong>&nbsp;<a href=\"https:\/\/www.tribucancer.com\/\">https:\/\/www.tribucancer.com\/<span style=\"color: #0077c6;\">&nbsp;<\/span><\/a><\/strong><\/p>\n\n\n\n<p>&#8211;&nbsp; Pr\u00e9sident :&nbsp; St\u00e9phane Frayssinet<\/p>\n\n\n\n<p><strong>Suivre sur facebook<\/strong> : <a href=\"https:\/\/www.facebook.com\/tribucancer.fb\"><strong>Tribu Cancer<\/strong><\/a><\/p>\n\n\n\n<hr class=\"wp-block-separator\"\/>\n\n\n\n<h3><span style=\"color: #0077c6;\">Partenariat&nbsp;<\/span><\/h3>\n\n\n\n<p><strong>Les Foul\u00e9es du Large<\/strong> c&rsquo;est un \u00e9v\u00e9nement populaire, pour une grande cause, au coeur de la haute saison touristique et avec de fortes retomb\u00e9es m\u00e9diatiques (presse, Tv, visibilit\u00e9 sur nos sites internet et r\u00e9seaux sociaux).<\/p>\n\n\n\n<p><strong>Vous \u00eates int\u00e9ress\u00e9s ? contactez-nous !<\/strong><\/p>\n\n\n\n<p>Partenariat en nature ou financier : St\u00e9phane Boutet &#8211; T\u00e9l. 06 76 85 07 88 &#8211; <span style=\"color: #0077c6;\"><a style=\"color: #0077c6;\" href=\"mailto:fouleesdularge@gmail.com\" target=\"_blank\" rel=\"noopener\">fouleesdularge@gmail.com<\/a><\/span><\/p>\n","protected":false},"excerpt":{"rendered":"<p>Les Foul\u00e9es du large , est un \u00e9v\u00e8nement caritatif , au profit int\u00e9gral de Tribu Cancer. Ce sont des courses \u00e0 pied accessibles et populaires au coeur de la station baln\u00e9aire de Quiberon. Elles se d\u00e9roulent en centre ville et<\/p>\n","protected":false},"author":1,"featured_media":0,"parent":0,"menu_order":6,"comment_status":"closed","ping_status":"closed","template":"","meta":[],"_links":{"self":[{"href":"https:\/\/quiberonsportnature.bzh\/index.php\/wp-json\/wp\/v2\/pages\/26"}],"collection":[{"href":"https:\/\/quiberonsportnature.bzh\/index.php\/wp-json\/wp\/v2\/pages"}],"about":[{"href":"https:\/\/quiberonsportnature.bzh\/index.php\/wp-json\/wp\/v2\/types\/page"}],"author":[{"embeddable":true,"href":"https:\/\/quiberonsportnature.bzh\/index.php\/wp-json\/wp\/v2\/users\/1"}],"replies":[{"embeddable":true,"href":"https:\/\/quiberonsportnature.bzh\/index.php\/wp-json\/wp\/v2\/comments?post=26"}],"version-history":[{"count":74,"href":"https:\/\/quiberonsportnature.bzh\/index.php\/wp-json\/wp\/v2\/pages\/26\/revisions"}],"predecessor-version":[{"id":6451,"href":"https:\/\/quiberonsportnature.bzh\/index.php\/wp-json\/wp\/v2\/pages\/26\/revisions\/6451"}],"wp:attachment":[{"href":"https:\/\/quiberonsportnature.bzh\/index.php\/wp-json\/wp\/v2\/media?parent=26"}],"curies":[{"name":"wp","href":"https:\/\/api.w.org\/{rel}","templated":true}]}}