{"id":4242,"date":"2018-02-06T17:13:08","date_gmt":"2018-02-06T17:13:08","guid":{"rendered":"http:\/\/quiberonsportnature.bzh\/?page_id=4242"},"modified":"2026-04-14T06:39:39","modified_gmt":"2026-04-14T06:39:39","slug":"entre-landes-et-ocean","status":"publish","type":"page","link":"https:\/\/quiberonsportnature.bzh\/index.php\/entre-landes-et-ocean\/","title":{"rendered":"Entre Lande et Oc\u00e9an"},"content":{"rendered":"<h2 style=\"text-align: center;\"><span style=\"color: #0077c6;\"><img loading=\"lazy\" class=\" wp-image-4840 aligncenter\" src=\"http:\/\/quiberonsportnature.bzh\/wp-content\/uploads\/2019\/08\/Capture-d\u2019\u00e9cran-2019-08-21-\u00e0-08.09.32.png\" alt=\"\" width=\"997\" height=\"358\" srcset=\"https:\/\/quiberonsportnature.bzh\/wp-content\/uploads\/2019\/08\/Capture-d\u2019\u00e9cran-2019-08-21-\u00e0-08.09.32.png 557w, https:\/\/quiberonsportnature.bzh\/wp-content\/uploads\/2019\/08\/Capture-d\u2019\u00e9cran-2019-08-21-\u00e0-08.09.32-250x90.png 250w, https:\/\/quiberonsportnature.bzh\/wp-content\/uploads\/2019\/08\/Capture-d\u2019\u00e9cran-2019-08-21-\u00e0-08.09.32-50x18.png 50w\" sizes=\"(max-width: 997px) 100vw, 997px\" \/><a href=\"http:\/\/quiberonsportnature.bzh\/wp-content\/uploads\/2018\/11\/bandeauELO.jpg\"><br \/><\/a><br \/>Course Nature\u00a0\u00a0 <\/span><span style=\"color: #0077c6;\">\u00ab\u00a0Entre Lande et Oc\u00e9an\u00a0\u00bb<\/span><\/h2>\n<h3>\u00a0<\/h3>\n<h3><i><span style=\"color: #ff0000;\">Prochain rendez-vous \u00e0 Quiberon le Avril 2027<\/span><\/i><\/h3>\n<p>Une course nature par les chemins dans la lande, en traversant un village et en longeant la C\u00f4te Sauvage de Quiberon.<br \/>Un trac\u00e9 en pleine nature pour une \u00e9preuve iod\u00e9e !<\/p>\n<p>Deux distances cette ann\u00e9e : 10 et 20 km<\/p>\n<div class=\"page\" title=\"Page 2\">\n<div class=\"layoutArea\">\n<div class=\"column\">\u00a0<\/div>\n<\/div>\n<\/div>\n<div class=\"page\" title=\"Page 2\">\n<h2>Retrouvez les archives, articles de presse et photos des \u00e9ditions pass\u00e9es<\/h2>\n<p><a href=\"http:\/\/quiberonsportnature.bzh\/index.php\/entre-landes-et-ocean\/entre-lande-et-ocean-2018\/\">ELO 2018<img loading=\"lazy\" class=\"size-full wp-image-4843 alignright\" src=\"http:\/\/quiberonsportnature.bzh\/wp-content\/uploads\/2019\/08\/Capture-d\u2019\u00e9cran-2019-08-21-\u00e0-08.24.55.png\" alt=\"\" width=\"498\" height=\"343\" srcset=\"https:\/\/quiberonsportnature.bzh\/wp-content\/uploads\/2019\/08\/Capture-d\u2019\u00e9cran-2019-08-21-\u00e0-08.24.55.png 498w, https:\/\/quiberonsportnature.bzh\/wp-content\/uploads\/2019\/08\/Capture-d\u2019\u00e9cran-2019-08-21-\u00e0-08.24.55-250x172.png 250w, https:\/\/quiberonsportnature.bzh\/wp-content\/uploads\/2019\/08\/Capture-d\u2019\u00e9cran-2019-08-21-\u00e0-08.24.55-50x34.png 50w\" sizes=\"(max-width: 498px) 100vw, 498px\" \/><\/a><\/p>\n<p><a href=\"http:\/\/quiberonsportnature.bzh\/index.php\/entre-landes-et-ocean\/elo-2019\/\">ELO 2019<\/a><\/p>\n<p><a href=\"http:\/\/quiberonsportnature.bzh\/index.php\/entre-landes-et-ocean\/elo-2020\/\">ELO 2020<\/a><\/p>\n<p><a href=\"http:\/\/quiberonsportnature.bzh\/index.php\/entre-landes-et-ocean\/elo-22\/\">ELO 2022<\/a><\/p>\n<p><a href=\"https:\/\/quiberonsportnature.bzh\/index.php\/elo-23\/\">ELO 2023<\/a><\/p>\n<p><a href=\"https:\/\/quiberonsportnature.bzh\/index.php\/elo-24\/\">ELO 2024<\/a><\/p>\n<p><a href=\"https:\/\/quiberonsportnature.bzh\/index.php\/elo-2025\/\">ELO 2025<\/a><\/p>\n<p><a href=\"https:\/\/quiberonsportnature.bzh\/index.php\/elo-2026\/\">ELO 2026<\/a><\/p>\n<\/div>\n<div class=\"page\" title=\"Page 2\">\n<div class=\"layoutArea\">\n<div class=\"column\"><hr \/><\/div>\n<\/div>\n<h2><span style=\"color: #0077c6;\"><strong>Organisation<\/strong><\/span><\/h2>\n<h2><a href=\"entrelandeetocean@gmail.com\">Bernard Charrel-Martin<\/a><\/h2>\n<p>T\u00e9l. 06 50 45 07 73<\/p>\n<p><a href=\"mailto:entrelandeetocean@gmail.com\">entrelandeetocean@gmail.com<\/a><\/p>\n<p>\u00a0<\/p>\n<\/div>\n\n\n<p><\/p>\n","protected":false},"excerpt":{"rendered":"<p>Course Nature\u00a0\u00a0 \u00ab\u00a0Entre Lande et Oc\u00e9an\u00a0\u00bb \u00a0 Prochain rendez-vous \u00e0 Quiberon le Avril 2027 Une course nature par les chemins dans la lande, en traversant un village et en longeant la C\u00f4te Sauvage de Quiberon.Un trac\u00e9 en pleine nature pour<\/p>\n","protected":false},"author":2,"featured_media":0,"parent":0,"menu_order":7,"comment_status":"closed","ping_status":"closed","template":"","meta":[],"_links":{"self":[{"href":"https:\/\/quiberonsportnature.bzh\/index.php\/wp-json\/wp\/v2\/pages\/4242"}],"collection":[{"href":"https:\/\/quiberonsportnature.bzh\/index.php\/wp-json\/wp\/v2\/pages"}],"about":[{"href":"https:\/\/quiberonsportnature.bzh\/index.php\/wp-json\/wp\/v2\/types\/page"}],"author":[{"embeddable":true,"href":"https:\/\/quiberonsportnature.bzh\/index.php\/wp-json\/wp\/v2\/users\/2"}],"replies":[{"embeddable":true,"href":"https:\/\/quiberonsportnature.bzh\/index.php\/wp-json\/wp\/v2\/comments?post=4242"}],"version-history":[{"count":69,"href":"https:\/\/quiberonsportnature.bzh\/index.php\/wp-json\/wp\/v2\/pages\/4242\/revisions"}],"predecessor-version":[{"id":7238,"href":"https:\/\/quiberonsportnature.bzh\/index.php\/wp-json\/wp\/v2\/pages\/4242\/revisions\/7238"}],"wp:attachment":[{"href":"https:\/\/quiberonsportnature.bzh\/index.php\/wp-json\/wp\/v2\/media?parent=4242"}],"curies":[{"name":"wp","href":"https:\/\/api.w.org\/{rel}","templated":true}]}}