{"id":6227,"date":"2023-10-27T11:39:00","date_gmt":"2023-10-27T11:39:00","guid":{"rendered":"http:\/\/quiberonsportnature.bzh\/?page_id=6227"},"modified":"2024-03-17T20:57:11","modified_gmt":"2024-03-17T20:57:11","slug":"elo-24","status":"publish","type":"page","link":"https:\/\/quiberonsportnature.bzh\/index.php\/elo-24\/","title":{"rendered":"ELO 2024"},"content":{"rendered":"\n<p><\/p>\n\n\n\n<p><\/p>\n\n\n\n<div class=\"wp-block-image\"><figure class=\"aligncenter size-large is-resized\"><img loading=\"lazy\" src=\"http:\/\/quiberonsportnature.bzh\/wp-content\/uploads\/2023\/12\/Trail10-20-Flyer-2024-721x1024.jpg\" alt=\"\" class=\"wp-image-6263\" width=\"621\" height=\"882\" srcset=\"https:\/\/quiberonsportnature.bzh\/wp-content\/uploads\/2023\/12\/Trail10-20-Flyer-2024-721x1024.jpg 721w, https:\/\/quiberonsportnature.bzh\/wp-content\/uploads\/2023\/12\/Trail10-20-Flyer-2024-282x400.jpg 282w, https:\/\/quiberonsportnature.bzh\/wp-content\/uploads\/2023\/12\/Trail10-20-Flyer-2024-176x250.jpg 176w, https:\/\/quiberonsportnature.bzh\/wp-content\/uploads\/2023\/12\/Trail10-20-Flyer-2024-1082x1536.jpg 1082w, https:\/\/quiberonsportnature.bzh\/wp-content\/uploads\/2023\/12\/Trail10-20-Flyer-2024-1443x2048.jpg 1443w, https:\/\/quiberonsportnature.bzh\/wp-content\/uploads\/2023\/12\/Trail10-20-Flyer-2024-35x50.jpg 35w, https:\/\/quiberonsportnature.bzh\/wp-content\/uploads\/2023\/12\/Trail10-20-Flyer-2024-scaled.jpg 1804w\" sizes=\"(max-width: 621px) 100vw, 621px\" \/><\/figure><\/div>\n\n\n\n<p><\/p>\n\n\n\n<p><\/p>\n\n\n\n<p><\/p>\n\n\n<h3>&nbsp;<\/h3>\n<h1 style=\"text-align: center;\"><strong>Trail &#8211; Course Nature <\/strong><\/h1>\n<h1 style=\"text-align: center;\"><strong><span style=\"color: #0000ff;\">\u00ab\u00a0Entre Lande et Oc\u00e9an 24\u00a0\u00bb<\/span><br><\/strong><\/h1>\n<h2 style=\"text-align: center;\">17 Mars 2024 &#8211; 10h30<\/h2>\n<p><\/p>\n<h4 style=\"text-align: center;\"><span style=\"color: #ff0000;\">&nbsp;<\/span><\/h4>\n<p style=\"text-align: center;\"><\/p>\n\n\n<div class=\"wp-block-image\"><figure class=\"aligncenter size-full is-resized\"><img loading=\"lazy\" src=\"http:\/\/quiberonsportnature.bzh\/wp-content\/uploads\/2024\/03\/22complet22.png\" alt=\"\" class=\"wp-image-6351\" width=\"349\" height=\"281\" srcset=\"https:\/\/quiberonsportnature.bzh\/wp-content\/uploads\/2024\/03\/22complet22.png 556w, https:\/\/quiberonsportnature.bzh\/wp-content\/uploads\/2024\/03\/22complet22-496x400.png 496w, https:\/\/quiberonsportnature.bzh\/wp-content\/uploads\/2024\/03\/22complet22-250x201.png 250w, https:\/\/quiberonsportnature.bzh\/wp-content\/uploads\/2024\/03\/22complet22-50x40.png 50w\" sizes=\"(max-width: 349px) 100vw, 349px\" \/><\/figure><\/div>\n\n\n\n<p><\/p>\n\n\n\n<h2 class=\"has-vivid-cyan-blue-color has-text-color\"><strong><a href=\"http:\/\/quiberonsportnature.bzh\/wp-content\/uploads\/2024\/03\/Classement-10km-Entre-Lande-det-Oce\u0301an-17032024.pdf\">R\u00e9sultats du 10 Km<\/a><\/strong><\/h2>\n\n\n\n<h2><strong><a href=\"http:\/\/quiberonsportnature.bzh\/wp-content\/uploads\/2024\/03\/Classement-20km-Entre-Lande-det-Oce\u0301an-17032024.pdf\">R\u00e9sultats du 20 Km<\/a><\/strong><\/h2>\n\n\n\n<p><\/p>\n\n\n\n<p><\/p>\n\n\n\n<p><\/p>\n\n\n\n<h2 class=\"has-text-align-center has-vivid-red-color has-text-color\"><strong>Retrait des dossards dimanche \u00e0 9h00 sur place<\/strong><\/h2>\n\n\n\n<h2 class=\"has-text-align-center has-vivid-red-color has-text-color\"><\/h2>\n\n\n\n<p class=\"has-vivid-red-color has-text-color has-medium-font-size\"><strong>Un bloc sanitaire avec de<\/strong>s <strong>douches et des toilettes disponibles sur le site du d\u00e9part\/arriv\u00e9e.<\/strong><\/p>\n\n\n\n<p class=\"has-vivid-red-color has-text-color has-medium-font-size\"><strong>Cot\u00e9 ravitaillement, seulement de l\u2019eau disponible au km 10 du 20 km.<\/strong><\/p>\n\n\n\n<p class=\"has-vivid-red-color has-text-color has-medium-font-size\"><strong>Pas de nourriture sur le parcours, juste \u00e0 l\u2019arriv\u00e9e<\/strong><\/p>\n\n\n\n<h2 class=\"has-text-align-center has-vivid-red-color has-text-color\"><\/h2>\n\n\n\n<p><\/p>\n\n\n\n<p><\/p>\n\n\n<h2><!-- \/wp:image --><\/h2>\n<p>Deux \u00e9preuves,<strong> 10 et 20 km,&nbsp;<\/strong>par les chemins de la <strong>lande Quiberonnaise et la C\u00f4te Sauvage.<\/strong><\/p>\n<p><\/p>\n<p><span style=\"color: #333333;\">L&rsquo;\u00e9v\u00e8nement se d\u00e9roule essentiellement dans une zone prot\u00e9g\u00e9e Natura 2000 g\u00e9r\u00e9e par le Conservatoire du Littoral . <strong>Aucun d\u00e9chet admis : disqualification automatique pour les contrevenants !<\/strong><br><\/span><\/p>\n<p><span style=\"color: #000000;\"><strong>Brochure d&rsquo;infos sur la zone prot\u00e9g\u00e9e<\/strong> : <a href=\"http:\/\/quiberonsportnature.bzh\/wp-content\/uploads\/2023\/03\/Info-Lit-ELO-2023.pdf\"><strong>Ici<\/strong><\/a><\/span><\/p>\n<p><\/p>\n<p>D\u00e9part et arriv\u00e9e au <span style=\"color: #000000;\"><strong>Camping de Kern\u00e9<\/strong><\/span> \u00e0 Quiberon<\/p>\n<p>Les deux parcours sont identiques sur les 7 premiers km.<\/p>\n<p>Pour le 20 km les 10 derniers empruntent le sentier c\u00f4tier et donc sont un peu plus techniques.<\/p>\n<p>Le 10 km lui est sur un terrain plus roulant et moins difficile sur la fin de parcours.<\/p>\n<p>65 m\u00e8tres de d\u00e9nivel\u00e9 pour le 10 km et un peu moins de 110 pour le 20 km<\/p>\n<p><\/p>\n<h3>&nbsp;<\/h3>\n<h2>Programme<\/h2>\n<p>\u25ca Retraits des dossards : sur place \u00e0 partir de 08h30<img loading=\"lazy\" class=\" wp-image-5229 alignright\" src=\"http:\/\/quiberonsportnature.bzh\/wp-content\/uploads\/2020\/10\/HLR2276-750x353.jpg\" alt=\"\" width=\"534\" height=\"251\" srcset=\"https:\/\/quiberonsportnature.bzh\/wp-content\/uploads\/2020\/10\/HLR2276-750x353.jpg 750w, https:\/\/quiberonsportnature.bzh\/wp-content\/uploads\/2020\/10\/HLR2276-250x118.jpg 250w, https:\/\/quiberonsportnature.bzh\/wp-content\/uploads\/2020\/10\/HLR2276-1024x482.jpg 1024w, https:\/\/quiberonsportnature.bzh\/wp-content\/uploads\/2020\/10\/HLR2276-50x24.jpg 50w, https:\/\/quiberonsportnature.bzh\/wp-content\/uploads\/2020\/10\/HLR2276.jpg 1280w\" sizes=\"(max-width: 534px) 100vw, 534px\" \/><\/p>\n<p>\u25ca D\u00e9parts des courses :<\/p>\n<ul>\n<li>10h30 pour le 20 km<\/li>\n<li><strong><span style=\"color: #ff0000;\">370 dossards maxi<\/span><\/strong><\/li>\n<li>&nbsp;<\/li>\n<li>10h45 pour le 10 km<\/li>\n<li><span style=\"color: #ff0000;\"><strong>230 dossards maxi<\/strong><\/span><\/li>\n<\/ul>\n<h1>&nbsp;<\/h1>\n<h1>&nbsp;<\/h1>\n<h1>Trac\u00e9s des courses&nbsp;<\/h1>\n<p><\/p>\n<h3 class=\"column\"><span style=\"color: #ff0000;\">Le 10 Km modifi\u00e9<\/span><\/h3>\n<h4 class=\"column\"><span style=\"color: #ff0000;\">( cause inondations dans les 7 premiers Km )<\/span><\/h4>\n<p><a href=\"https:\/\/www.openrunner.com\/route-details\/11971028\"><strong>Lien pour le trac\u00e9 et GPX du 10 Km 2024<\/strong><\/a><\/p>\n<p><!-- wp:image {\"id\":6329,\"width\":500,\"height\":524,\"sizeSlug\":\"large\",\"linkDestination\":\"none\"} --><\/p>\n<figure class=\"wp-block-image size-large is-resized\"><img loading=\"lazy\" class=\"wp-image-6329 aligncenter\" src=\"http:\/\/quiberonsportnature.bzh\/wp-content\/uploads\/2024\/03\/10-km-2024-Modifie\u0301-976x1024.png\" alt=\"\" width=\"673\" height=\"706\" srcset=\"https:\/\/quiberonsportnature.bzh\/wp-content\/uploads\/2024\/03\/10-km-2024-Modifie\u0301-976x1024.png 976w, https:\/\/quiberonsportnature.bzh\/wp-content\/uploads\/2024\/03\/10-km-2024-Modifie\u0301-381x400.png 381w, https:\/\/quiberonsportnature.bzh\/wp-content\/uploads\/2024\/03\/10-km-2024-Modifie\u0301-238x250.png 238w, https:\/\/quiberonsportnature.bzh\/wp-content\/uploads\/2024\/03\/10-km-2024-Modifie\u0301-48x50.png 48w, https:\/\/quiberonsportnature.bzh\/wp-content\/uploads\/2024\/03\/10-km-2024-Modifie\u0301.png 1094w\" sizes=\"(max-width: 673px) 100vw, 673px\" \/><\/figure>\n<p><!-- \/wp:image --><\/p>\n<h2>&nbsp;<\/h2>\n<p><\/p>\n<h3 class=\"column\"><span style=\"color: #ff0000;\">Le 20 Km modifi\u00e9<\/span><\/h3>\n<h4 class=\"column\"><span style=\"color: #ff0000;\">( cause inondations dans les 7 premiers Km )<\/span><\/h4>\n<p><strong><a href=\"https:\/\/www.openrunner.com\/route-details\/8165678\">Lien pour le trac\u00e9 et GPX du 20 Km 2024<\/a><\/strong><\/p>\n<h2><!-- wp:image {\"id\":6330,\"sizeSlug\":\"large\",\"linkDestination\":\"none\"} --><\/h2>\n<figure class=\"wp-block-image size-large\"><img loading=\"lazy\" class=\"wp-image-6330 aligncenter\" src=\"http:\/\/quiberonsportnature.bzh\/wp-content\/uploads\/2024\/03\/20-km-2024-modifie\u0301-944x1024.png\" alt=\"\" width=\"744\" height=\"807\" srcset=\"https:\/\/quiberonsportnature.bzh\/wp-content\/uploads\/2024\/03\/20-km-2024-modifie\u0301-944x1024.png 944w, https:\/\/quiberonsportnature.bzh\/wp-content\/uploads\/2024\/03\/20-km-2024-modifie\u0301-369x400.png 369w, https:\/\/quiberonsportnature.bzh\/wp-content\/uploads\/2024\/03\/20-km-2024-modifie\u0301-230x250.png 230w, https:\/\/quiberonsportnature.bzh\/wp-content\/uploads\/2024\/03\/20-km-2024-modifie\u0301-46x50.png 46w, https:\/\/quiberonsportnature.bzh\/wp-content\/uploads\/2024\/03\/20-km-2024-modifie\u0301.png 1032w\" sizes=\"(max-width: 744px) 100vw, 744px\" \/><\/figure>\n<h2><!-- \/wp:image --><\/h2>\n<p><\/p>\n<h2 class=\"column\">R\u00e8glement d&rsquo;ELO 24 :<\/h2>\n<p>Disponible et t\u00e9l\u00e9chargeable ici : <a href=\"http:\/\/quiberonsportnature.bzh\/wp-content\/uploads\/2024\/01\/Reglement-ELO-2024.pdf\"><strong>R\u00e8glement ELO 24<\/strong><\/a><\/p>\n<h2>&nbsp;<\/h2>\n<h2 class=\"column\">Ravitaillement en course&nbsp; :<\/h2>\n<p>Juste un point d&rsquo;eau sur le 20 km ( aux environs du km 10 )<\/p>\n<p>Pr\u00e9voyez votre ravitaillement si n\u00e9cessaire &#8230;.<\/p>\n<p><\/p>\n<h2 class=\"column\">Inscriptions <!-- wp:image {\"id\":6351,\"sizeSlug\":\"full\",\"linkDestination\":\"none\"} --><\/h2>\n<figure class=\"wp-block-image size-full\"><img loading=\"lazy\" class=\"wp-image-6351 alignleft\" src=\"http:\/\/quiberonsportnature.bzh\/wp-content\/uploads\/2024\/03\/22complet22.png\" alt=\"\" width=\"241\" height=\"194\" srcset=\"https:\/\/quiberonsportnature.bzh\/wp-content\/uploads\/2024\/03\/22complet22.png 556w, https:\/\/quiberonsportnature.bzh\/wp-content\/uploads\/2024\/03\/22complet22-496x400.png 496w, https:\/\/quiberonsportnature.bzh\/wp-content\/uploads\/2024\/03\/22complet22-250x201.png 250w, https:\/\/quiberonsportnature.bzh\/wp-content\/uploads\/2024\/03\/22complet22-50x40.png 50w\" sizes=\"(max-width: 241px) 100vw, 241px\" \/><\/figure>\n<h2 class=\"column\"><!-- \/wp:image --><\/h2>\n<h4><span style=\"color: #ff0000;\">&nbsp;<\/span><\/h4>\n<p><em><strong>Licence FFA uniquement&nbsp;<\/strong> sinon certificat m\u00e9dical avec mention<\/em><strong> \u00a0\u00bb autoris\u00e9 \u00e0 la course \u00e0 pied en comp\u00e9tition\u00a0\u00bb<\/strong><\/p>\n<p><span style=\"color: #ff0000;\">( D\u00e9sol\u00e9 pour les Triathl\u00e8tes , licence FFTri non admise !&#8230; voir avec la F\u00e9d\u00e9 FFTri pour les r\u00e9clamations &#8230;.)<\/span><\/p>\n<p><\/p>\n<div class=\"page\" title=\"Page 2\">\n<div class=\"layoutArea\">\n<div class=\"column\">\n<p><strong>Contact inscriptions :<\/strong>&nbsp;&nbsp;T\u00e9l. 06 79 77 22 54<br><a href=\"mailto:quiberonsportnature@gmail.com\">quiberonsportnature@gmail.com<\/a><\/p>\n<p><strong>Tarif des inscriptions<\/strong>&nbsp;:<\/p>\n<ul>\n<li>8\u20ac pour le 10km (+ 1\u20ac pour Klik\u00e9go )<\/li>\n<li>12 \u20ac pour le 20km (+ 1\u20ac pour Klik\u00e9go )<\/li>\n<\/ul>\n<\/div>\n<\/div>\n<\/div>\n<h2>&nbsp;<\/h2>\n<h2><strong><img loading=\"lazy\" class=\" wp-image-5950 alignleft\" src=\"http:\/\/quiberonsportnature.bzh\/wp-content\/uploads\/2022\/11\/Logo-2-QSN-234x400.jpg\" alt=\"\" width=\"164\" height=\"280\" srcset=\"https:\/\/quiberonsportnature.bzh\/wp-content\/uploads\/2022\/11\/Logo-2-QSN-234x400.jpg 234w, https:\/\/quiberonsportnature.bzh\/wp-content\/uploads\/2022\/11\/Logo-2-QSN-599x1024.jpg 599w, https:\/\/quiberonsportnature.bzh\/wp-content\/uploads\/2022\/11\/Logo-2-QSN-146x250.jpg 146w, https:\/\/quiberonsportnature.bzh\/wp-content\/uploads\/2022\/11\/Logo-2-QSN-899x1536.jpg 899w, https:\/\/quiberonsportnature.bzh\/wp-content\/uploads\/2022\/11\/Logo-2-QSN-29x50.jpg 29w, https:\/\/quiberonsportnature.bzh\/wp-content\/uploads\/2022\/11\/Logo-2-QSN.jpg 973w\" sizes=\"(max-width: 164px) 100vw, 164px\" \/>Organisation<\/strong><\/h2>\n<p><a href=\"http:\/\/quiberonsportnature.bzh\/\"> QUIBERON SPORT NATURE<\/a><\/p>\n<p>T\u00e9l. 06 50 45 07 73<\/p>\n<p><a href=\"mailto:quiberonsportnature@gmail.com\">quiberonsportnature@gmail.com<\/a><\/p>\n<h2>&nbsp;<\/h2>\n<h2 class=\"column\">&nbsp;<\/h2>\n<h2>&nbsp;<\/h2>\n<h2>&nbsp;<\/h2>\n<h2 class=\"column\">Informations pratiques<\/h2>\n<p><strong>D\u00e9part et arriv\u00e9e :<\/strong> &nbsp;Camping de Kern\u00e9, C\u00f4te Sauvage , Quiberon<\/p>\n<p><img loading=\"lazy\" class=\"wp-image-4489 alignleft\" src=\"http:\/\/quiberonsportnature.bzh\/wp-content\/uploads\/2018\/10\/Plan-situation-Camping-Kern\u00e9-476x400.jpg\" alt=\"\" width=\"559\" height=\"470\" srcset=\"https:\/\/quiberonsportnature.bzh\/wp-content\/uploads\/2018\/10\/Plan-situation-Camping-Kern\u00e9-476x400.jpg 476w, https:\/\/quiberonsportnature.bzh\/wp-content\/uploads\/2018\/10\/Plan-situation-Camping-Kern\u00e9-250x210.jpg 250w, https:\/\/quiberonsportnature.bzh\/wp-content\/uploads\/2018\/10\/Plan-situation-Camping-Kern\u00e9.jpg 842w\" sizes=\"(max-width: 559px) 100vw, 559px\" \/><\/p>\n<p><strong>Parking : <\/strong>sur le site du d\u00e9part<\/p>\n<p><b>Informations diverses sur Quiberon :<br><\/b>Office de Tourisme de Quiberon : 02 97 50 07 84 \u2013 <a href=\"http:\/\/www.quiberon.com\/\" target=\"_blank\" rel=\"noopener noreferrer\">www.quiberon.com<\/a><\/p>\n<h2>&nbsp;<\/h2>\n<p><strong>&nbsp;<\/strong><\/p>\n<p><!-- wp:paragraph --><\/p>\n<p><!-- \/wp:paragraph --><\/p>\n<p><!-- wp:image {\"id\":6330,\"sizeSlug\":\"large\",\"linkDestination\":\"none\"} --><\/p>\n<figure class=\"wp-block-image size-large\"><\/figure>\n<p><!-- \/wp:image --><\/p>","protected":false},"excerpt":{"rendered":"<p>&nbsp; Trail &#8211; Course Nature \u00ab\u00a0Entre Lande et Oc\u00e9an 24\u00a0\u00bb 17 Mars 2024 &#8211; 10h30 &nbsp; R\u00e9sultats du 10 Km R\u00e9sultats du 20 Km Retrait des dossards dimanche \u00e0 9h00 sur place Un bloc sanitaire avec des douches et des<\/p>\n","protected":false},"author":1,"featured_media":0,"parent":0,"menu_order":0,"comment_status":"closed","ping_status":"closed","template":"","meta":[],"_links":{"self":[{"href":"https:\/\/quiberonsportnature.bzh\/index.php\/wp-json\/wp\/v2\/pages\/6227"}],"collection":[{"href":"https:\/\/quiberonsportnature.bzh\/index.php\/wp-json\/wp\/v2\/pages"}],"about":[{"href":"https:\/\/quiberonsportnature.bzh\/index.php\/wp-json\/wp\/v2\/types\/page"}],"author":[{"embeddable":true,"href":"https:\/\/quiberonsportnature.bzh\/index.php\/wp-json\/wp\/v2\/users\/1"}],"replies":[{"embeddable":true,"href":"https:\/\/quiberonsportnature.bzh\/index.php\/wp-json\/wp\/v2\/comments?post=6227"}],"version-history":[{"count":41,"href":"https:\/\/quiberonsportnature.bzh\/index.php\/wp-json\/wp\/v2\/pages\/6227\/revisions"}],"predecessor-version":[{"id":6594,"href":"https:\/\/quiberonsportnature.bzh\/index.php\/wp-json\/wp\/v2\/pages\/6227\/revisions\/6594"}],"wp:attachment":[{"href":"https:\/\/quiberonsportnature.bzh\/index.php\/wp-json\/wp\/v2\/media?parent=6227"}],"curies":[{"name":"wp","href":"https:\/\/api.w.org\/{rel}","templated":true}]}}