{"id":6596,"date":"2024-09-08T15:06:35","date_gmt":"2024-09-08T15:06:35","guid":{"rendered":"http:\/\/quiberonsportnature.bzh\/?page_id=6596"},"modified":"2025-07-07T09:41:56","modified_gmt":"2025-07-07T09:41:56","slug":"elo-2025","status":"publish","type":"page","link":"https:\/\/quiberonsportnature.bzh\/index.php\/elo-2025\/","title":{"rendered":"ELO 2025"},"content":{"rendered":"\n<h1 class=\"has-text-align-center\"><strong>Trail \u2013 Course Nature<\/strong><\/h1>\n\n\n\n<h1 class=\"has-text-align-center\"><strong><span class=\"has-inline-color has-vivid-cyan-blue-color\">\u00ab&nbsp;Entre Lande et Oc\u00e9an 2025&nbsp;\u00bb<\/span><\/strong><\/h1>\n\n\n\n<h2 class=\"has-text-align-center\"><span class=\"has-inline-color has-vivid-cyan-blue-color\">16 Mars 2025 \u2013 10h30<\/span><\/h2>\n\n\n\n<h4 class=\"has-text-align-center\"><span class=\"has-inline-color has-vivid-red-color\"><strong>Les parcours ont \u00e9t\u00e9 modifi\u00e9s aujourd&rsquo;hui  ( 15 Mars ), pour cause de portion inond\u00e9e dans le premier km<\/strong><\/span><\/h4>\n\n\n\n<h3 class=\"has-text-align-center\">Lien vers la :<span class=\"has-inline-color has-black-color\"> <strong><a href=\"https:\/\/www.klikego.com\/inscription\/courses-nature-entre-lande-et-ocean-2025\/course-a-pied-running\/1703736633709-2\">Bourse d&rsquo;\u00e9change<\/a><\/strong><\/span><\/h3>\n\n\n\n<h2 class=\"has-text-align-center\"><span class=\"has-inline-color has-vivid-cyan-blue-color\">R\u00e9sultats 10 Km<\/span> : <a href=\"https:\/\/www.klikego.com\/resultats\/courses-nature-entre-lande-et-ocean-2025\/1703736633709-2\"><span class=\"has-inline-color has-vivid-red-color\">Internet<\/span><\/a> &#8211; <a href=\"http:\/\/quiberonsportnature.bzh\/wp-content\/uploads\/2025\/03\/10km-ELO-Quiberon-2025.pdf\"><span class=\"has-inline-color has-vivid-green-cyan-color\">pdf<\/span><\/a><\/h2>\n\n\n\n<h2 class=\"has-text-align-center\"><span class=\"has-inline-color has-vivid-cyan-blue-color\">R\u00e9sultats 20 Km<\/span> : <a href=\"https:\/\/www.klikego.com\/resultats\/courses-nature-entre-lande-et-ocean-2025\/1703736633709-2\"><span class=\"has-inline-color has-vivid-red-color\">Internet <\/span><\/a>&#8211; <a href=\"http:\/\/quiberonsportnature.bzh\/wp-content\/uploads\/2025\/03\/20km-ELO-Quiberon-2025.pdf\"><span class=\"has-inline-color has-vivid-green-cyan-color\">pdf<\/span><\/a><\/h2>\n\n\n\n<h1 class=\"has-text-align-center\"><strong>Les photos et vid\u00e9os sur notre page <a href=\"https:\/\/www.facebook.com\/quiberonsportnature\/\"><span class=\"has-inline-color has-vivid-cyan-blue-color\">FaceBook<\/span><\/a><\/strong><\/h1>\n\n\n\n<p><\/p>\n\n\n\n<div class=\"wp-block-image\"><figure class=\"aligncenter size-full is-resized\"><img loading=\"lazy\" src=\"http:\/\/quiberonsportnature.bzh\/wp-content\/uploads\/2025\/01\/22complet22.png\" alt=\"\" class=\"wp-image-6814\" width=\"380\" height=\"306\" srcset=\"https:\/\/quiberonsportnature.bzh\/wp-content\/uploads\/2025\/01\/22complet22.png 556w, https:\/\/quiberonsportnature.bzh\/wp-content\/uploads\/2025\/01\/22complet22-496x400.png 496w, https:\/\/quiberonsportnature.bzh\/wp-content\/uploads\/2025\/01\/22complet22-250x201.png 250w, https:\/\/quiberonsportnature.bzh\/wp-content\/uploads\/2025\/01\/22complet22-50x40.png 50w\" sizes=\"(max-width: 380px) 100vw, 380px\" \/><\/figure><\/div>\n\n\n\n<div class=\"wp-block-image\"><figure class=\"aligncenter size-large is-resized\"><img loading=\"lazy\" src=\"http:\/\/quiberonsportnature.bzh\/wp-content\/uploads\/2024\/10\/Trail10-20-Flyer-2025-722x1024.jpg\" alt=\"\" class=\"wp-image-6620\" width=\"536\" height=\"760\" srcset=\"https:\/\/quiberonsportnature.bzh\/wp-content\/uploads\/2024\/10\/Trail10-20-Flyer-2025-722x1024.jpg 722w, https:\/\/quiberonsportnature.bzh\/wp-content\/uploads\/2024\/10\/Trail10-20-Flyer-2025-282x400.jpg 282w, https:\/\/quiberonsportnature.bzh\/wp-content\/uploads\/2024\/10\/Trail10-20-Flyer-2025-176x250.jpg 176w, https:\/\/quiberonsportnature.bzh\/wp-content\/uploads\/2024\/10\/Trail10-20-Flyer-2025-1083x1536.jpg 1083w, https:\/\/quiberonsportnature.bzh\/wp-content\/uploads\/2024\/10\/Trail10-20-Flyer-2025-1444x2048.jpg 1444w, https:\/\/quiberonsportnature.bzh\/wp-content\/uploads\/2024\/10\/Trail10-20-Flyer-2025-35x50.jpg 35w, https:\/\/quiberonsportnature.bzh\/wp-content\/uploads\/2024\/10\/Trail10-20-Flyer-2025.jpg 1748w\" sizes=\"(max-width: 536px) 100vw, 536px\" \/><\/figure><\/div>\n\n\n\n<p>Deux \u00e9preuves,<strong> 10 et 20 km,&nbsp;<\/strong>par les chemins de la <strong>lande Quiberonnaise et la C\u00f4te Sauvage.<\/strong><\/p>\n\n\n\n<p>L\u2019\u00e9v\u00e8nement se d\u00e9roule essentiellement dans une zone prot\u00e9g\u00e9e Natura 2000 g\u00e9r\u00e9e par le Conservatoire du Littoral . <\/p>\n\n\n\n<p><strong><span class=\"has-inline-color has-vivid-red-color\">Aucun d\u00e9chet admis : disqualification automatique pour les contrevenants !<\/span><\/strong><\/p>\n\n\n\n<p><\/p>\n\n\n\n<p><strong>Brochure d\u2019infos sur la zone prot\u00e9g\u00e9e<\/strong> : <a href=\"http:\/\/quiberonsportnature.bzh\/wp-content\/uploads\/2023\/03\/Info-Lit-ELO-2023.pdf\"><strong>Ici<\/strong><\/a><\/p>\n\n\n\n<p>D\u00e9part et arriv\u00e9e au <strong>Camping de Kern\u00e9<\/strong> \u00e0 Quiberon<\/p>\n\n\n\n<p>Les deux parcours sont identiques sur les 7 premiers km.<\/p>\n\n\n\n<p>Pour le 20 km les 10 derniers empruntent le sentier c\u00f4tier et donc sont un peu plus techniques.<\/p>\n\n\n\n<p>Le 10 km lui est sur un terrain plus roulant et moins difficile sur la fin de parcours.<\/p>\n\n\n\n<p>65 m\u00e8tres de d\u00e9nivel\u00e9 pour le 10 km et un peu moins de 110 pour le 20 km<\/p>\n\n\n\n<p><\/p>\n\n\n\n<p><span class=\"has-inline-color has-vivid-cyan-blue-color\"><strong>Un bloc sanitaire avec de<\/strong>s <strong>douches et des toilettes disponibles sur le site du d\u00e9part\/arriv\u00e9e.<\/strong><\/span><\/p>\n\n\n\n<p><strong><span class=\"has-inline-color has-vivid-cyan-blue-color\">Pour le ravitaillement, que de l\u2019eau disponible au km 10 du 20 km.<\/span><\/strong><\/p>\n\n\n\n<p><strong><span class=\"has-inline-color has-vivid-cyan-blue-color\">Pas de nourriture sur le parcours, mais seulement \u00e0 l\u2019arriv\u00e9e<\/span><\/strong><\/p>\n\n\n\n<p><\/p>\n\n\n\n<p><\/p>\n\n\n\n<hr class=\"wp-block-separator\"\/>\n\n\n\n<h2><\/h2>\n\n\n\n<h2><\/h2>\n\n\n\n<div class=\"wp-block-image\"><figure class=\"alignright is-resized\"><img loading=\"lazy\" src=\"http:\/\/quiberonsportnature.bzh\/wp-content\/uploads\/2020\/10\/HLR2276-750x353.jpg\" alt=\"\" class=\"wp-image-5229\" width=\"617\" height=\"290\" srcset=\"https:\/\/quiberonsportnature.bzh\/wp-content\/uploads\/2020\/10\/HLR2276-750x353.jpg 750w, https:\/\/quiberonsportnature.bzh\/wp-content\/uploads\/2020\/10\/HLR2276-250x118.jpg 250w, https:\/\/quiberonsportnature.bzh\/wp-content\/uploads\/2020\/10\/HLR2276-1024x482.jpg 1024w, https:\/\/quiberonsportnature.bzh\/wp-content\/uploads\/2020\/10\/HLR2276-50x24.jpg 50w, https:\/\/quiberonsportnature.bzh\/wp-content\/uploads\/2020\/10\/HLR2276.jpg 1280w\" sizes=\"(max-width: 617px) 100vw, 617px\" \/><\/figure><\/div>\n\n\n\n<h2>Programme :<\/h2>\n\n\n\n<p>\u25ca Retraits des dossards : <\/p>\n\n\n\n<ul><li><span class=\"has-inline-color has-vivid-cyan-blue-color\">Sur place \u00e0 partir de 9h00 <\/span><\/li><\/ul>\n\n\n\n<p>\u25ca D\u00e9parts des courses :<\/p>\n\n\n\n<ul><li>10h30 pour le 20 km       <strong><span class=\"has-inline-color has-vivid-red-color\">( 400 dossards maxi )<\/span><\/strong><\/li><li>10h45 pour le 10 km.        <span class=\"has-inline-color has-vivid-red-color\"><strong><strong><span class=\"has-inline-color has-vivid-red-color\">( 200 dossards maxi )<\/span><\/strong><\/strong><\/span><\/li><\/ul>\n\n\n\n<p><\/p>\n\n\n\n<p><\/p>\n\n\n\n<h2><\/h2>\n\n\n\n<h2><\/h2>\n\n\n\n<p><\/p>\n\n\n\n<hr class=\"wp-block-separator\"\/>\n\n\n\n<p><\/p>\n\n\n\n<p><\/p>\n\n\n\n<h2>Trac\u00e9s des courses&nbsp;:<\/h2>\n\n\n\n<p>Merci aux deux municipalit\u00e9s de nous aider \u00e0 vous proposer des parcours vari\u00e9s et de qualit\u00e9.<\/p>\n\n\n\n<p>Nos \u00e9changes constants avec le conservatoire du littoral, nous permettent d&rsquo;utiliser des sentiers prot\u00e9g\u00e9s.<\/p>\n\n\n\n<p>En revanche certains chemins proches de zones de nidifications d&rsquo;esp\u00e8ces prot\u00e9g\u00e9es nous sont interdits et c&rsquo;est pourquoi il y a aussi des trac\u00e9s sur bitume ou bord de route pour le 20 km.<\/p>\n\n\n\n<p><span class=\"has-inline-color has-vivid-red-color\">Les parcours sont susceptibles d&rsquo;\u00eatre modifi\u00e9s au dernier moment , en fonction des conditions m\u00e9t\u00e9orologiques.<\/span><\/p>\n\n\n\n<h2 class=\"has-text-align-center\"><span class=\"has-inline-color has-vivid-cyan-blue-color\">10 Km<\/span><\/h2>\n\n\n\n<h2><\/h2>\n\n\n\n<p><span class=\"has-inline-color has-vivid-red-color\">Il fait 10,210 Km exactement , il a \u00e9t\u00e9 modifi\u00e9 aujourd&rsquo;hui  ( 15 Mars ), pour cause de portion inond\u00e9e dans le premier km&#8230;<\/span><\/p>\n\n\n\n<p><a href=\"https:\/\/www.openrunner.com\/route-details\/20421268\" data-type=\"URL\"><strong>Lien pour le trac\u00e9 et le t\u00e9l\u00e9chargement GPX du 10 Km 2025<\/strong><\/a><\/p>\n\n\n\n<p><\/p>\n\n\n\n<h2 class=\"has-text-align-center\"><span class=\"has-inline-color has-vivid-cyan-blue-color\"><\/span><\/h2>\n\n\n\n<div class=\"wp-block-image\"><figure class=\"aligncenter size-large\"><img loading=\"lazy\" width=\"976\" height=\"1024\" src=\"http:\/\/quiberonsportnature.bzh\/wp-content\/uploads\/2025\/03\/Capture-de\u0301cran-2025-03-15-a\u0300-15.51.51-976x1024.png\" alt=\"\" class=\"wp-image-6848\" srcset=\"https:\/\/quiberonsportnature.bzh\/wp-content\/uploads\/2025\/03\/Capture-de\u0301cran-2025-03-15-a\u0300-15.51.51-976x1024.png 976w, https:\/\/quiberonsportnature.bzh\/wp-content\/uploads\/2025\/03\/Capture-de\u0301cran-2025-03-15-a\u0300-15.51.51-381x400.png 381w, https:\/\/quiberonsportnature.bzh\/wp-content\/uploads\/2025\/03\/Capture-de\u0301cran-2025-03-15-a\u0300-15.51.51-238x250.png 238w, https:\/\/quiberonsportnature.bzh\/wp-content\/uploads\/2025\/03\/Capture-de\u0301cran-2025-03-15-a\u0300-15.51.51-48x50.png 48w, https:\/\/quiberonsportnature.bzh\/wp-content\/uploads\/2025\/03\/Capture-de\u0301cran-2025-03-15-a\u0300-15.51.51.png 1108w\" sizes=\"(max-width: 976px) 100vw, 976px\" \/><figcaption>10 Km &#8211; ELO 2025<\/figcaption><\/figure><\/div>\n\n\n\n<p><\/p>\n\n\n\n<h2><\/h2>\n\n\n\n<h2><\/h2>\n\n\n\n<h2><\/h2>\n\n\n\n<h2 class=\"has-text-align-center\"><span class=\"has-inline-color has-vivid-red-color\">20 Km<\/span><\/h2>\n\n\n\n<h2><\/h2>\n\n\n\n<p><span class=\"has-inline-color has-vivid-red-color\">Il fait 20,05 Km exactement , il a \u00e9t\u00e9 modifi\u00e9 aujourd&rsquo;hui  ( 15 Mars ), pour cause de portion inond\u00e9e dans le premier km<\/span><\/p>\n\n\n\n<p><strong><a href=\"https:\/\/www.openrunner.com\/route-details\/20437821\">Lien pour le trac\u00e9 et le t\u00e9l\u00e9chargement GPX du 20 Km 2025<\/a><\/strong><\/p>\n\n\n\n<p><\/p>\n\n\n\n<div class=\"wp-block-image\"><figure class=\"aligncenter size-large\"><img loading=\"lazy\" width=\"962\" height=\"1024\" src=\"http:\/\/quiberonsportnature.bzh\/wp-content\/uploads\/2025\/03\/Capture-de\u0301cran-2025-03-15-a\u0300-15.54.24-962x1024.png\" alt=\"\" class=\"wp-image-6852\" srcset=\"https:\/\/quiberonsportnature.bzh\/wp-content\/uploads\/2025\/03\/Capture-de\u0301cran-2025-03-15-a\u0300-15.54.24-962x1024.png 962w, https:\/\/quiberonsportnature.bzh\/wp-content\/uploads\/2025\/03\/Capture-de\u0301cran-2025-03-15-a\u0300-15.54.24-376x400.png 376w, https:\/\/quiberonsportnature.bzh\/wp-content\/uploads\/2025\/03\/Capture-de\u0301cran-2025-03-15-a\u0300-15.54.24-235x250.png 235w, https:\/\/quiberonsportnature.bzh\/wp-content\/uploads\/2025\/03\/Capture-de\u0301cran-2025-03-15-a\u0300-15.54.24-47x50.png 47w, https:\/\/quiberonsportnature.bzh\/wp-content\/uploads\/2025\/03\/Capture-de\u0301cran-2025-03-15-a\u0300-15.54.24.png 1088w\" sizes=\"(max-width: 962px) 100vw, 962px\" \/><figcaption>20 Km &#8211; ELO 2025<\/figcaption><\/figure><\/div>\n\n\n\n<p><\/p>\n\n\n\n<hr class=\"wp-block-separator\"\/>\n\n\n\n<div class=\"wp-block-image\"><figure class=\"alignright size-full is-resized\"><img loading=\"lazy\" src=\"http:\/\/quiberonsportnature.bzh\/wp-content\/uploads\/2024\/09\/ENTRE-LAND-ET-OCEAN-2023-77.jpeg\" alt=\"\" class=\"wp-image-6601\" width=\"461\" height=\"309\" srcset=\"https:\/\/quiberonsportnature.bzh\/wp-content\/uploads\/2024\/09\/ENTRE-LAND-ET-OCEAN-2023-77.jpeg 640w, https:\/\/quiberonsportnature.bzh\/wp-content\/uploads\/2024\/09\/ENTRE-LAND-ET-OCEAN-2023-77-250x167.jpeg 250w, https:\/\/quiberonsportnature.bzh\/wp-content\/uploads\/2024\/09\/ENTRE-LAND-ET-OCEAN-2023-77-50x33.jpeg 50w\" sizes=\"(max-width: 461px) 100vw, 461px\" \/><\/figure><\/div>\n\n\n\n<p><\/p>\n\n\n\n<h2>R\u00e8glement d\u2019ELO 25 :  <span class=\"has-inline-color has-vivid-red-color\"><a href=\"http:\/\/quiberonsportnature.bzh\/wp-content\/uploads\/2024\/12\/Re\u0301glement-ELO-2025.pdf\">Ici<\/a><\/span><\/h2>\n\n\n\n<h2><\/h2>\n\n\n\n<hr class=\"wp-block-separator\"\/>\n\n\n\n<p>    <\/p>\n\n\n\n<h2><\/h2>\n\n\n\n<h2>Ravitaillement en course&nbsp; :<\/h2>\n\n\n\n<p>Juste un point d\u2019eau sur le 20 km ( aux environs du km 10 )<\/p>\n\n\n\n<p>Pr\u00e9voyez votre ravitaillement si n\u00e9cessaire \u2026<\/p>\n\n\n\n<h1><\/h1>\n\n\n\n<hr class=\"wp-block-separator\"\/>\n\n\n\n<h1><\/h1>\n\n\n\n<p>         <\/p>\n\n\n\n<h1>Inscriptions closes  ( lien vers la bourse d&rsquo;\u00e9change ci-dessous ):<\/h1>\n\n\n\n<h2> <span class=\"has-inline-color has-vivid-red-color\"><span class=\"has-inline-color has-vivid-red-color\"><span class=\"has-inline-color has-vivid-red-color\"><a href=\"https:\/\/www.klikego.com\/inscription\/courses-nature-entre-lande-et-ocean-2025\/course-a-pied-running\/1703736633709-2\">Bourse d&rsquo;\u00e9change<\/a><\/span><\/span><\/span><\/h2>\n\n\n\n<p><\/p>\n\n\n\n<figure class=\"wp-block-image size-full is-resized\"><img loading=\"lazy\" src=\"http:\/\/quiberonsportnature.bzh\/wp-content\/uploads\/2025\/01\/22complet22.png\" alt=\"\" class=\"wp-image-6814\" width=\"250\" height=\"201\" srcset=\"https:\/\/quiberonsportnature.bzh\/wp-content\/uploads\/2025\/01\/22complet22.png 556w, https:\/\/quiberonsportnature.bzh\/wp-content\/uploads\/2025\/01\/22complet22-496x400.png 496w, https:\/\/quiberonsportnature.bzh\/wp-content\/uploads\/2025\/01\/22complet22-250x201.png 250w, https:\/\/quiberonsportnature.bzh\/wp-content\/uploads\/2025\/01\/22complet22-50x40.png 50w\" sizes=\"(max-width: 250px) 100vw, 250px\" \/><\/figure>\n\n\n\n<h1><span class=\"has-inline-color has-vivid-red-color\">R\u00e9sultats :<\/span> <a href=\"https:\/\/www.klikego.com\/resultats\/courses-nature-entre-lande-et-ocean-2025\/1703736633709-2\">Klik\u00e9go<\/a><\/h1>\n\n\n\n<hr class=\"wp-block-separator\"\/>\n\n\n\n<div class=\"wp-block-image\"><figure class=\"alignright is-resized\"><img loading=\"lazy\" src=\"http:\/\/quiberonsportnature.bzh\/wp-content\/uploads\/2018\/10\/Plan-situation-Camping-Kern\u00e9-476x400.jpg\" alt=\"L\u2019attribut alt de cette image est vide, son nom de fichier est Plan-situation-Camping-Kern\u00e9-476x400.jpg.\" width=\"354\" height=\"298\"\/><\/figure><\/div>\n\n\n\n<h1><\/h1>\n\n\n\n<p>         <\/p>\n\n\n\n<h1><\/h1>\n\n\n\n<h2>Informations pratiques<\/h2>\n\n\n\n<p><strong>D\u00e9part et arriv\u00e9e :<\/strong> &nbsp;Camping de Kern\u00e9, C\u00f4te Sauvage , Quiberon<\/p>\n\n\n\n<p><\/p>\n\n\n\n<p><strong>Parking : <\/strong>sur le site du d\u00e9part<\/p>\n\n\n\n<p><strong>Douches et sanitaires :<\/strong> sur place<\/p>\n\n\n\n<p><\/p>\n\n\n\n<p><strong>Informations diverses sur Quiberon :<br><\/strong>Office de Tourisme de Quiberon : 02 97 50 07 84 \u2013 <a rel=\"noreferrer noopener\" href=\"http:\/\/www.quiberon.com\/\" target=\"_blank\">www.quiberon.com<\/a><\/p>\n\n\n\n<h1><\/h1>\n\n\n\n<h1><\/h1>\n\n\n\n<p>         <\/p>\n\n\n\n<h1><\/h1>\n\n\n\n<hr class=\"wp-block-separator is-style-wide\"\/>\n\n\n\n<p>         <\/p>\n\n\n\n<h1><\/h1>\n\n\n\n<p>         <\/p>\n\n\n\n<h1><\/h1>\n\n\n\n<div class=\"wp-block-image\"><figure class=\"alignright size-full is-resized\"><img loading=\"lazy\" src=\"http:\/\/quiberonsportnature.bzh\/wp-content\/uploads\/2024\/09\/ELO-logo.png\" alt=\"\" class=\"wp-image-6609\" width=\"246\" height=\"267\" srcset=\"https:\/\/quiberonsportnature.bzh\/wp-content\/uploads\/2024\/09\/ELO-logo.png 392w, https:\/\/quiberonsportnature.bzh\/wp-content\/uploads\/2024\/09\/ELO-logo-368x400.png 368w, https:\/\/quiberonsportnature.bzh\/wp-content\/uploads\/2024\/09\/ELO-logo-230x250.png 230w, https:\/\/quiberonsportnature.bzh\/wp-content\/uploads\/2024\/09\/ELO-logo-46x50.png 46w\" sizes=\"(max-width: 246px) 100vw, 246px\" \/><\/figure><\/div>\n\n\n\n<h2><\/h2>\n\n\n\n<h2><strong>Organisation<\/strong> :<\/h2>\n\n\n\n<p class=\"has-text-align-left\">Bernard CHARREL MARTIN<\/p>\n\n\n\n<p class=\"has-text-align-left\"><a href=\"entrelandeetocean@gmail.com\">QUIBERON SPORT NATURE<\/a><\/p>\n\n\n\n<p class=\"has-text-align-left\">T\u00e9l. \u202d+33 6 50 45 07 73\u202c<\/p>\n\n\n\n<p class=\"has-text-align-left\"><a href=\"mailto:entrelandeetocean@gmail.com\">entrelandeetocean@gmail.com<\/a><\/p>\n\n\n\n<h1><\/h1>\n\n\n\n<p>         <\/p>\n\n\n\n<h1><\/h1>\n","protected":false},"excerpt":{"rendered":"<p>Trail \u2013 Course Nature \u00ab&nbsp;Entre Lande et Oc\u00e9an 2025&nbsp;\u00bb 16 Mars 2025 \u2013 10h30 Les parcours ont \u00e9t\u00e9 modifi\u00e9s aujourd&rsquo;hui ( 15 Mars ), pour cause de portion inond\u00e9e dans le premier km Lien vers la : Bourse d&rsquo;\u00e9change R\u00e9sultats<\/p>\n","protected":false},"author":1,"featured_media":0,"parent":0,"menu_order":0,"comment_status":"closed","ping_status":"closed","template":"","meta":[],"_links":{"self":[{"href":"https:\/\/quiberonsportnature.bzh\/index.php\/wp-json\/wp\/v2\/pages\/6596"}],"collection":[{"href":"https:\/\/quiberonsportnature.bzh\/index.php\/wp-json\/wp\/v2\/pages"}],"about":[{"href":"https:\/\/quiberonsportnature.bzh\/index.php\/wp-json\/wp\/v2\/types\/page"}],"author":[{"embeddable":true,"href":"https:\/\/quiberonsportnature.bzh\/index.php\/wp-json\/wp\/v2\/users\/1"}],"replies":[{"embeddable":true,"href":"https:\/\/quiberonsportnature.bzh\/index.php\/wp-json\/wp\/v2\/comments?post=6596"}],"version-history":[{"count":88,"href":"https:\/\/quiberonsportnature.bzh\/index.php\/wp-json\/wp\/v2\/pages\/6596\/revisions"}],"predecessor-version":[{"id":6982,"href":"https:\/\/quiberonsportnature.bzh\/index.php\/wp-json\/wp\/v2\/pages\/6596\/revisions\/6982"}],"wp:attachment":[{"href":"https:\/\/quiberonsportnature.bzh\/index.php\/wp-json\/wp\/v2\/media?parent=6596"}],"curies":[{"name":"wp","href":"https:\/\/api.w.org\/{rel}","templated":true}]}}