{"id":6983,"date":"2025-07-07T09:59:09","date_gmt":"2025-07-07T09:59:09","guid":{"rendered":"https:\/\/quiberonsportnature.bzh\/?page_id=6983"},"modified":"2026-04-14T06:36:36","modified_gmt":"2026-04-14T06:36:36","slug":"elo-2026","status":"publish","type":"page","link":"https:\/\/quiberonsportnature.bzh\/index.php\/elo-2026\/","title":{"rendered":"ELO 2026"},"content":{"rendered":"\n<h1 class=\"has-text-align-center\"><strong>Trail \u2013 Course Nature<\/strong><\/h1>\n\n\n\n<h1 class=\"has-text-align-center\"><strong><span class=\"has-inline-color has-vivid-cyan-blue-color\">\u00ab&nbsp;Entre Lande et Oc\u00e9an 2026&nbsp;\u00bb<\/span><\/strong><\/h1>\n\n\n\n<h2 class=\"has-text-align-center\"><span class=\"has-inline-color has-vivid-cyan-blue-color\">12 Avril 2026 \u2013 10h30<\/span><\/h2>\n\n\n\n<div class=\"wp-block-image\"><figure class=\"aligncenter size-large is-resized\"><img loading=\"lazy\" src=\"https:\/\/quiberonsportnature.bzh\/wp-content\/uploads\/2026\/01\/Flyer-Trail10-20-2026-722x1024.jpg\" alt=\"\" class=\"wp-image-7118\" width=\"566\" height=\"802\" srcset=\"https:\/\/quiberonsportnature.bzh\/wp-content\/uploads\/2026\/01\/Flyer-Trail10-20-2026-722x1024.jpg 722w, https:\/\/quiberonsportnature.bzh\/wp-content\/uploads\/2026\/01\/Flyer-Trail10-20-2026-282x400.jpg 282w, https:\/\/quiberonsportnature.bzh\/wp-content\/uploads\/2026\/01\/Flyer-Trail10-20-2026-176x250.jpg 176w, https:\/\/quiberonsportnature.bzh\/wp-content\/uploads\/2026\/01\/Flyer-Trail10-20-2026-1082x1536.jpg 1082w, https:\/\/quiberonsportnature.bzh\/wp-content\/uploads\/2026\/01\/Flyer-Trail10-20-2026-1443x2048.jpg 1443w, https:\/\/quiberonsportnature.bzh\/wp-content\/uploads\/2026\/01\/Flyer-Trail10-20-2026-35x50.jpg 35w, https:\/\/quiberonsportnature.bzh\/wp-content\/uploads\/2026\/01\/Flyer-Trail10-20-2026-scaled.jpg 1804w\" sizes=\"(max-width: 566px) 100vw, 566px\" \/><\/figure><\/div>\n\n\n\n<h4 class=\"has-text-align-center\"><\/h4>\n\n\n\n<h1 class=\"has-text-align-center\"><strong><span class=\"has-inline-color has-vivid-red-color\">Resultats<\/span><\/strong> :   <a href=\"https:\/\/www.klikego.com\/resultats\/courses-nature-entre-lande-et-ocean-2026\/1703736633709-3\">Klik\u00e9go<\/a><\/h1>\n\n\n\n<h2 class=\"has-text-align-center\"><span class=\"has-inline-color has-vivid-red-color\">Photos :<\/span>    <span class=\"has-inline-color has-vivid-cyan-blue-color\"><a href=\"https:\/\/www.facebook.com\/quiberonsportnature\/photos_albums\">FB de QSN<\/a><\/span><\/h2>\n\n\n\n<h5 class=\"has-text-align-center\"><\/h5>\n\n\n\n<h5 class=\"has-text-align-center\"><\/h5>\n\n\n\n<h1 class=\"has-text-align-center\"><\/h1>\n\n\n\n<p><\/p>\n\n\n\n<p><\/p>\n\n\n\n<p>Deux \u00e9preuves,<strong> 10 et 20 km,&nbsp;<\/strong>par les chemins de la <strong>lande Quiberonnaise et la C\u00f4te Sauvage.<\/strong><\/p>\n\n\n\n<p>L\u2019\u00e9v\u00e8nement se d\u00e9roule essentiellement dans une zone prot\u00e9g\u00e9e Natura 2000 g\u00e9r\u00e9e par le Conservatoire du Littoral . <\/p>\n\n\n\n<p><strong><span class=\"has-inline-color has-vivid-red-color\">Aucun d\u00e9chet admis : disqualification automatique pour les contrevenants !<\/span><\/strong><\/p>\n\n\n\n<p><\/p>\n\n\n\n<p><strong>Brochure d\u2019infos sur la zone prot\u00e9g\u00e9e<\/strong> : <a href=\"http:\/\/quiberonsportnature.bzh\/wp-content\/uploads\/2023\/03\/Info-Lit-ELO-2023.pdf\"><strong>Ici<\/strong><\/a><\/p>\n\n\n\n<p>D\u00e9part et arriv\u00e9e au <strong>Camping de Kern\u00e9<\/strong> \u00e0 Quiberon<\/p>\n\n\n\n<p>Les deux parcours sont identiques sur les 7 premiers km.<\/p>\n\n\n\n<p>Pour le 20 km les 10 derniers empruntent le sentier c\u00f4tier et donc sont un peu plus techniques.<\/p>\n\n\n\n<p>Le 10 km passe lui aussi maintenant par le sentier c\u00f4tier sur la fin de parcours.<\/p>\n\n\n\n<p>50 m\u00e8tres de d\u00e9nivel\u00e9 pour le 10 km et un peu moins de 95 pour le 20 km<\/p>\n\n\n\n<p><\/p>\n\n\n\n<p><span class=\"has-inline-color has-vivid-cyan-blue-color\"><strong>Un bloc sanitaire avec de<\/strong>s <strong>douches et des toilettes disponibles sur le site du d\u00e9part\/arriv\u00e9e.<\/strong><\/span><\/p>\n\n\n\n<p><strong><span class=\"has-inline-color has-vivid-cyan-blue-color\">Pour le ravitaillement, que de l\u2019eau disponible au km 10 du 20 km.<\/span><\/strong> <span class=\"has-inline-color has-vivid-red-color\"><strong>( se munir d&rsquo;un contenant )<\/strong><\/span><\/p>\n\n\n\n<p><strong><span class=\"has-inline-color has-vivid-cyan-blue-color\">Pas de nourriture sur le parcours, mais seulement \u00e0 l\u2019arriv\u00e9e<\/span><\/strong><\/p>\n\n\n\n<hr class=\"wp-block-separator\"\/>\n\n\n\n<h5 class=\"has-text-align-center\"><span class=\"has-inline-color has-vivid-cyan-blue-color\">R\u00e9sultats 10 Km 2025<\/span> : <a href=\"https:\/\/www.klikego.com\/resultats\/courses-nature-entre-lande-et-ocean-2025\/1703736633709-2\"><span class=\"has-inline-color has-vivid-red-color\">Internet<\/span><\/a> &#8211; <a href=\"http:\/\/quiberonsportnature.bzh\/wp-content\/uploads\/2025\/03\/10km-ELO-Quiberon-2025.pdf\"><span class=\"has-inline-color has-vivid-green-cyan-color\">pdf<\/span><\/a><\/h5>\n\n\n\n<h5 class=\"has-text-align-center\"><span class=\"has-inline-color has-vivid-cyan-blue-color\">R\u00e9sultats 20 Km 2025<\/span> : <a href=\"https:\/\/www.klikego.com\/resultats\/courses-nature-entre-lande-et-ocean-2025\/1703736633709-2\"><span class=\"has-inline-color has-vivid-red-color\">Internet <\/span><\/a>&#8211; <a href=\"http:\/\/quiberonsportnature.bzh\/wp-content\/uploads\/2025\/03\/20km-ELO-Quiberon-2025.pdf\"><span class=\"has-inline-color has-vivid-green-cyan-color\">pdf<\/span><\/a><\/h5>\n\n\n\n<hr class=\"wp-block-separator\"\/>\n\n\n\n<div class=\"wp-block-image\"><figure class=\"alignright size-full is-resized\"><img loading=\"lazy\" src=\"http:\/\/quiberonsportnature.bzh\/wp-content\/uploads\/2024\/09\/ENTRE-LAND-ET-OCEAN-2023-77.jpeg\" alt=\"\" class=\"wp-image-6601\" width=\"363\" height=\"243\" srcset=\"https:\/\/quiberonsportnature.bzh\/wp-content\/uploads\/2024\/09\/ENTRE-LAND-ET-OCEAN-2023-77.jpeg 640w, https:\/\/quiberonsportnature.bzh\/wp-content\/uploads\/2024\/09\/ENTRE-LAND-ET-OCEAN-2023-77-600x400.jpeg 600w, https:\/\/quiberonsportnature.bzh\/wp-content\/uploads\/2024\/09\/ENTRE-LAND-ET-OCEAN-2023-77-250x167.jpeg 250w, https:\/\/quiberonsportnature.bzh\/wp-content\/uploads\/2024\/09\/ENTRE-LAND-ET-OCEAN-2023-77-50x33.jpeg 50w\" sizes=\"(max-width: 363px) 100vw, 363px\" \/><\/figure><\/div>\n\n\n\n<h2>Programme :<\/h2>\n\n\n\n<p>\u25ca Retraits des dossards : <\/p>\n\n\n\n<ul><li><span class=\"has-inline-color has-vivid-cyan-blue-color\">Sur place \u00e0 partir de 9h30 <\/span><\/li><\/ul>\n\n\n\n<p>\u25ca D\u00e9parts des courses :<\/p>\n\n\n\n<ul><li>10h30 pour le 20 km       <strong><span class=\"has-inline-color has-vivid-red-color\">( 400 dossards maxi )<\/span><\/strong><\/li><li>10h45 pour le 10 km.        <span class=\"has-inline-color has-vivid-red-color\"><strong><strong><span class=\"has-inline-color has-vivid-red-color\">( 200 dossards maxi )<\/span><\/strong><\/strong><\/span><\/li><\/ul>\n\n\n\n<p><\/p>\n\n\n\n<p><\/p>\n\n\n\n<hr class=\"wp-block-separator\"\/>\n\n\n\n<p><\/p>\n\n\n\n<p><\/p>\n\n\n\n<h2>Trac\u00e9s des courses&nbsp;:<\/h2>\n\n\n\n<p>Merci aux deux municipalit\u00e9s de nous aider \u00e0 vous proposer des parcours vari\u00e9s et de qualit\u00e9.<\/p>\n\n\n\n<p>Nos \u00e9changes constants avec le conservatoire du littoral, nous permettent d&rsquo;utiliser des sentiers prot\u00e9g\u00e9s.<\/p>\n\n\n\n<p>En revanche certains chemins proches de zones de nidifications d&rsquo;esp\u00e8ces prot\u00e9g\u00e9es nous sont interdits et c&rsquo;est pourquoi il y a aussi des trac\u00e9s sur bitume ou bord de route pour le 20 km.<\/p>\n\n\n\n<p>( <span class=\"has-inline-color has-vivid-red-color\">Les parcours sont susceptibles d&rsquo;\u00eatre modifi\u00e9s au dernier moment , en fonction des conditions m\u00e9t\u00e9orologiques )<\/span><\/p>\n\n\n\n<h1 class=\"has-text-align-center\"><span class=\"has-inline-color has-vivid-cyan-blue-color\"><strong>10 Km<\/strong><\/span><\/h1>\n\n\n\n<h2><\/h2>\n\n\n\n<p><span class=\"has-inline-color has-black-color\">Il fait 10,1 Km exactement .<\/span><\/p>\n\n\n\n<p><strong><span class=\"has-inline-color has-black-color\">Modification cette ann\u00e9e :<\/span><\/strong><span class=\"has-inline-color has-vivid-red-color\"><strong> maintenant les 2 derniers Km empruntent  le sentier cotier ( GR 34 ) comme le 20 Km<\/strong><\/span><\/p>\n\n\n\n<p><a href=\"https:\/\/www.openrunner.com\/route-details\/22700889\" data-type=\"URL\"><strong>Lien pour le trac\u00e9 et le t\u00e9l\u00e9chargement GPX du 10 Km 2026<\/strong><\/a><\/p>\n\n\n\n<p><\/p>\n\n\n\n<h2 class=\"has-text-align-center\"><span class=\"has-inline-color has-vivid-cyan-blue-color\"><\/span><\/h2>\n\n\n\n<div class=\"wp-block-image\"><figure class=\"aligncenter size-large is-resized\"><img loading=\"lazy\" src=\"https:\/\/quiberonsportnature.bzh\/wp-content\/uploads\/2026\/03\/10-Km-2026-937x1024.png\" alt=\"\" class=\"wp-image-7191\" width=\"684\" height=\"748\" srcset=\"https:\/\/quiberonsportnature.bzh\/wp-content\/uploads\/2026\/03\/10-Km-2026-937x1024.png 937w, https:\/\/quiberonsportnature.bzh\/wp-content\/uploads\/2026\/03\/10-Km-2026-366x400.png 366w, https:\/\/quiberonsportnature.bzh\/wp-content\/uploads\/2026\/03\/10-Km-2026-229x250.png 229w, https:\/\/quiberonsportnature.bzh\/wp-content\/uploads\/2026\/03\/10-Km-2026-46x50.png 46w, https:\/\/quiberonsportnature.bzh\/wp-content\/uploads\/2026\/03\/10-Km-2026.png 1028w\" sizes=\"(max-width: 684px) 100vw, 684px\" \/><figcaption>10 Km &#8211; ELO 2026<\/figcaption><\/figure><\/div>\n\n\n\n<h2><\/h2>\n\n\n\n<h2><\/h2>\n\n\n\n<h1 class=\"has-text-align-center\"><span class=\"has-inline-color has-vivid-red-color\"><strong>20 Km<\/strong><\/span><\/h1>\n\n\n\n<h2><\/h2>\n\n\n\n<p><span class=\"has-inline-color has-black-color\">Il fait 19,7 Km exactement .<\/span><\/p>\n\n\n\n<p><a href=\"https:\/\/www.openrunner.com\/route-details\/20437821\"><strong>Lien pour le trac\u00e9 et le t\u00e9l\u00e9chargement GPX du 20 Km 2026<\/strong><\/a><\/p>\n\n\n\n<p><\/p>\n\n\n\n<div class=\"wp-block-image\"><figure class=\"aligncenter size-large is-resized\"><img loading=\"lazy\" src=\"https:\/\/quiberonsportnature.bzh\/wp-content\/uploads\/2026\/03\/20-Km-2026-1002x1024.png\" alt=\"\" class=\"wp-image-7192\" width=\"756\" height=\"772\" srcset=\"https:\/\/quiberonsportnature.bzh\/wp-content\/uploads\/2026\/03\/20-Km-2026-1002x1024.png 1002w, https:\/\/quiberonsportnature.bzh\/wp-content\/uploads\/2026\/03\/20-Km-2026-391x400.png 391w, https:\/\/quiberonsportnature.bzh\/wp-content\/uploads\/2026\/03\/20-Km-2026-245x250.png 245w, https:\/\/quiberonsportnature.bzh\/wp-content\/uploads\/2026\/03\/20-Km-2026-50x50.png 50w, https:\/\/quiberonsportnature.bzh\/wp-content\/uploads\/2026\/03\/20-Km-2026.png 1092w\" sizes=\"(max-width: 756px) 100vw, 756px\" \/><figcaption>20 Km &#8211; ELO 2026<\/figcaption><\/figure><\/div>\n\n\n\n<p><\/p>\n\n\n\n<hr class=\"wp-block-separator\"\/>\n\n\n\n<p><\/p>\n\n\n\n<h2><a href=\"http:\/\/quiberonsportnature.bzh\/wp-content\/uploads\/2026\/01\/Reglement-ELO-26-V2-.pdf\">R\u00e8glement d\u2019ELO 2026 <\/a><\/h2>\n\n\n\n<h2><\/h2>\n\n\n\n<hr class=\"wp-block-separator\"\/>\n\n\n\n<p>    <\/p>\n\n\n\n<h2><\/h2>\n\n\n\n<h2>Ravitaillement en course&nbsp; :<\/h2>\n\n\n\n<p>Juste un point d\u2019eau sur le 20 km ( aux environs du km 10 ) :<\/p>\n\n\n\n<ul><li><span class=\"has-inline-color has-vivid-red-color\">chaque participant devra \u00eatre muni d&rsquo;un contenant (gourde ou autre)<\/span><\/li><\/ul>\n\n\n\n<ul><li><span class=\"has-inline-color has-vivid-red-color\"><strong>un gobelet r\u00e9utilisable sera fourni par l&rsquo;organisation<\/strong><\/span><\/li><\/ul>\n\n\n\n<p>Pr\u00e9voyez votre ravitaillement suppl\u00e9mentaire si n\u00e9cessaire \u2026<\/p>\n\n\n\n<h1><\/h1>\n\n\n\n<hr class=\"wp-block-separator\"\/>\n\n\n\n<h1><strong><span class=\"has-inline-color has-vivid-red-color\">Inscriptions le 15 Janvier 2026<\/span><\/strong> : <a href=\"https:\/\/www.klikego.com\/inscription\/courses-nature-entre-lande-et-ocean-2026\/course-a-pied-running\/1703736633709-3\">Klik\u00e9go<\/a><\/h1>\n\n\n\n<hr class=\"wp-block-separator\"\/>\n\n\n\n<p>         <\/p>\n\n\n\n<h1><span class=\"has-inline-color has-vivid-red-color\">R\u00e9sultats :<\/span> <\/h1>\n\n\n\n<hr class=\"wp-block-separator\"\/>\n\n\n\n<div class=\"wp-block-image\"><figure class=\"alignright is-resized\"><img loading=\"lazy\" src=\"http:\/\/quiberonsportnature.bzh\/wp-content\/uploads\/2018\/10\/Plan-situation-Camping-Kern\u00e9-476x400.jpg\" alt=\"L\u2019attribut alt de cette image est vide, son nom de fichier est Plan-situation-Camping-Kern\u00e9-476x400.jpg.\" width=\"354\" height=\"298\"\/><\/figure><\/div>\n\n\n\n<h1><\/h1>\n\n\n\n<p>         <\/p>\n\n\n\n<h1><\/h1>\n\n\n\n<h2>Informations pratiques<\/h2>\n\n\n\n<p><strong>D\u00e9part et arriv\u00e9e :<\/strong> &nbsp;Camping de Kern\u00e9, C\u00f4te Sauvage , Quiberon<\/p>\n\n\n\n<p><\/p>\n\n\n\n<p><strong>Parking : <\/strong>sur le site du d\u00e9part<\/p>\n\n\n\n<p><strong>Douches et sanitaires :<\/strong> sur place<\/p>\n\n\n\n<p><\/p>\n\n\n\n<p><strong>Informations diverses sur Quiberon :<br><\/strong>Office de Tourisme de Quiberon : 02 97 50 07 84 \u2013 <a rel=\"noreferrer noopener\" href=\"http:\/\/www.quiberon.com\/\" target=\"_blank\">www.quiberon.com<\/a><\/p>\n\n\n\n<h1><\/h1>\n\n\n\n<h1><\/h1>\n\n\n\n<p>         <\/p>\n\n\n\n<h1><\/h1>\n\n\n\n<hr class=\"wp-block-separator is-style-wide\"\/>\n\n\n\n<p>         <\/p>\n\n\n\n<h1><\/h1>\n\n\n\n<p>         <\/p>\n\n\n\n<h1><\/h1>\n\n\n\n<div class=\"wp-block-image\"><figure class=\"alignright size-full is-resized\"><img loading=\"lazy\" src=\"http:\/\/quiberonsportnature.bzh\/wp-content\/uploads\/2024\/09\/ELO-logo.png\" alt=\"\" class=\"wp-image-6609\" width=\"246\" height=\"267\" srcset=\"https:\/\/quiberonsportnature.bzh\/wp-content\/uploads\/2024\/09\/ELO-logo.png 392w, https:\/\/quiberonsportnature.bzh\/wp-content\/uploads\/2024\/09\/ELO-logo-368x400.png 368w, https:\/\/quiberonsportnature.bzh\/wp-content\/uploads\/2024\/09\/ELO-logo-230x250.png 230w, https:\/\/quiberonsportnature.bzh\/wp-content\/uploads\/2024\/09\/ELO-logo-46x50.png 46w\" sizes=\"(max-width: 246px) 100vw, 246px\" \/><\/figure><\/div>\n\n\n\n<h2><\/h2>\n\n\n\n<h2><strong>Organisation<\/strong> :<\/h2>\n\n\n\n<p class=\"has-text-align-left\">Bernard CHARREL MARTIN<\/p>\n\n\n\n<p class=\"has-text-align-left\"><a href=\"entrelandeetocean@gmail.com\">QUIBERON SPORT NATURE<\/a><\/p>\n\n\n\n<p class=\"has-text-align-left\">T\u00e9l. \u202d+33 6 50 45 07 73\u202c<\/p>\n\n\n\n<p class=\"has-text-align-left\"><a href=\"mailto:entrelandeetocean@gmail.com\">entrelandeetocean@gmail.com<\/a><\/p>\n\n\n\n<h1><\/h1>\n\n\n\n<p>         <\/p>\n\n\n\n<h1><\/h1>\n","protected":false},"excerpt":{"rendered":"<p>Trail \u2013 Course Nature \u00ab&nbsp;Entre Lande et Oc\u00e9an 2026&nbsp;\u00bb 12 Avril 2026 \u2013 10h30 Resultats : Klik\u00e9go Photos : FB de QSN Deux \u00e9preuves, 10 et 20 km,&nbsp;par les chemins de la lande Quiberonnaise et la C\u00f4te Sauvage. L\u2019\u00e9v\u00e8nement se<\/p>\n","protected":false},"author":1,"featured_media":0,"parent":0,"menu_order":0,"comment_status":"closed","ping_status":"closed","template":"","meta":[],"_links":{"self":[{"href":"https:\/\/quiberonsportnature.bzh\/index.php\/wp-json\/wp\/v2\/pages\/6983"}],"collection":[{"href":"https:\/\/quiberonsportnature.bzh\/index.php\/wp-json\/wp\/v2\/pages"}],"about":[{"href":"https:\/\/quiberonsportnature.bzh\/index.php\/wp-json\/wp\/v2\/types\/page"}],"author":[{"embeddable":true,"href":"https:\/\/quiberonsportnature.bzh\/index.php\/wp-json\/wp\/v2\/users\/1"}],"replies":[{"embeddable":true,"href":"https:\/\/quiberonsportnature.bzh\/index.php\/wp-json\/wp\/v2\/comments?post=6983"}],"version-history":[{"count":36,"href":"https:\/\/quiberonsportnature.bzh\/index.php\/wp-json\/wp\/v2\/pages\/6983\/revisions"}],"predecessor-version":[{"id":7236,"href":"https:\/\/quiberonsportnature.bzh\/index.php\/wp-json\/wp\/v2\/pages\/6983\/revisions\/7236"}],"wp:attachment":[{"href":"https:\/\/quiberonsportnature.bzh\/index.php\/wp-json\/wp\/v2\/media?parent=6983"}],"curies":[{"name":"wp","href":"https:\/\/api.w.org\/{rel}","templated":true}]}}